{"id":421,"date":"2018-03-14T19:39:05","date_gmt":"2018-03-14T22:39:05","guid":{"rendered":"https:\/\/clubedohipismo.com.br\/home\/?page_id=421"},"modified":"2024-10-29T11:33:19","modified_gmt":"2024-10-29T14:33:19","slug":"videos-montaria-hipismo-equestres","status":"publish","type":"page","link":"https:\/\/clubedohipismo.com.br\/home\/videos-montaria-hipismo-equestres\/","title":{"rendered":"V\u00eddeos do mundo do cavalo"},"content":{"rendered":"<div id=\"clube-2157274797\" class=\"clube-amp clube-entity-placement\" style=\"margin-left: auto;margin-right: auto;text-align: center;\"><script async src=\"\/\/pagead2.googlesyndication.com\/pagead\/js\/adsbygoogle.js?client=ca-pub-6364990823171596\" crossorigin=\"anonymous\"><\/script><ins class=\"adsbygoogle\" style=\"display:block;\" data-ad-client=\"ca-pub-6364990823171596\" \ndata-ad-slot=\"\" \ndata-ad-format=\"auto\"><\/ins>\n<script> \n(adsbygoogle = window.adsbygoogle || []).push({}); \n<\/script>\n<\/div>\t\t<div data-elementor-type=\"wp-page\" data-elementor-id=\"421\" class=\"elementor elementor-421\">\n\t\t\t\t<div class=\"elementor-element elementor-element-3ffa609a e-flex e-con-boxed e-con e-parent\" data-id=\"3ffa609a\" data-element_type=\"container\" data-e-type=\"container\">\n\t\t\t\t\t<div class=\"e-con-inner\">\n\t\t\t\t<div class=\"elementor-element elementor-element-329bfa5d elementor-widget elementor-widget-text-editor\" data-id=\"329bfa5d\" data-element_type=\"widget\" data-e-type=\"widget\" data-widget_type=\"text-editor.default\">\n\t\t\t\t<div class=\"elementor-widget-container\">\n\t\t\t\t\t\t\t\t\t<p><\/p>\n<h4>Veja os v\u00eddeos que selecionamos para voc\u00ea.<\/h4>\n<p><\/p>\n<p><p><\/p>\n<div class=\"epyt-gallery\" data-currpage=\"1\" id=\"epyt_gallery_71985\">\n<div class=\"epyt-video-wrapper\"><iframe  id=\"_ytid_98717\"  width=\"1086\" height=\"611\"  data-origwidth=\"1086\" data-origheight=\"611\" src=\"https:\/\/www.youtube.com\/embed\/HEpD2tHKzJs?enablejsapi=1&#038;autoplay=0&#038;cc_load_policy=0&#038;cc_lang_pref=&#038;iv_load_policy=1&#038;loop=0&#038;rel=1&#038;fs=1&#038;playsinline=0&#038;autohide=2&#038;theme=dark&#038;color=red&#038;controls=1&#038;disablekb=0&#038;\" class=\"__youtube_prefs__  __youtube_prefs_widget__  no-lazyload\" title=\"YouTube player\"  data-epytgalleryid=\"epyt_gallery_71985\"  allow=\"fullscreen; accelerometer; autoplay; clipboard-write; encrypted-media; gyroscope; picture-in-picture; web-share\" referrerpolicy=\"strict-origin-when-cross-origin\" allowfullscreen data-no-lazy=\"1\" data-skipgform_ajax_framebjll=\"\"><\/iframe><\/div>\n<div class=\"epyt-gallery-list\">\n<div class=\"epyt-pagination \">\n<div tabindex=\"0\" role=\"button\" class=\"epyt-pagebutton epyt-prev  hide \" data-playlistid=\"PLjBQiFJ3yduEMhaWtPkU6Us7XvCXPjTIt\" data-pagesize=\"3\" data-pagetoken=\"\" data-epcolumns=\"3\" data-showtitle=\"1\" data-showpaging=\"1\" data-autonext=\"0\" data-thumbplay=\"1\">\n<div class=\"epyt-arrow\">&laquo;<\/div>\n<div>Prev<\/div>\n<\/div>\n<div class=\"epyt-pagenumbers \">\n<div class=\"epyt-current\">1<\/div>\n<div class=\"epyt-pageseparator\"> \/ <\/div>\n<div class=\"epyt-totalpages\">83<\/div>\n<\/div>\n<div tabindex=\"0\" role=\"button\" class=\"epyt-pagebutton epyt-next\" data-playlistid=\"PLjBQiFJ3yduEMhaWtPkU6Us7XvCXPjTIt\" data-pagesize=\"3\" data-pagetoken=\"EAAaHlBUOkNBTWlFRGRHT0RJMlJrSTJPVEF5UmtNek56TQ\" data-epcolumns=\"3\" data-showtitle=\"1\" data-showpaging=\"1\" data-autonext=\"0\" data-thumbplay=\"1\">\n<div>Next<\/div>\n<div class=\"epyt-arrow\">&raquo;<\/div>\n<\/div>\n<div class=\"epyt-loader\"><img  title=\"\" decoding=\"async\"  alt=\"gallery-page-loader V\u00eddeos do mundo do cavalo\"  width=\"16\" height=\"11\" src=\"https:\/\/clubedohipismo.com.br\/home\/wp-content\/plugins\/youtube-embed-plus\/images\/gallery-page-loader.gif\"><\/div>\n<\/div>\n<div class=\"epyt-gallery-allthumbs  epyt-cols-3 \">\n<div tabindex=\"0\" role=\"button\" data-videoid=\"HEpD2tHKzJs\" class=\"epyt-gallery-thumb\">\n<div class=\"epyt-gallery-img-box\">\n<div class=\"epyt-gallery-img\" style=\"background-image: url(https:\/\/i.ytimg.com\/vi\/HEpD2tHKzJs\/hqdefault.jpg)\">\n<div class=\"epyt-gallery-playhover\"><img  title=\"\" decoding=\"async\"  alt=\"playhover V\u00eddeos do mundo do cavalo\"  class=\"epyt-play-img\" width=\"30\" height=\"23\" src=\"https:\/\/clubedohipismo.com.br\/home\/wp-content\/plugins\/youtube-embed-plus\/images\/playhover.png\" data-no-lazy=\"1\" data-skipgform_ajax_framebjll=\"\" \/><\/p>\n<div class=\"epyt-gallery-playcrutch\"><\/div>\n<\/div>\n<\/div>\n<\/div>\n<div class=\"epyt-gallery-title\">Alexandre Su\u00f1\u00e9: de criador de cavalos crioulos, ginete, jurado a comentarista do Freio de Ouro!<\/div>\n<\/div>\n<div tabindex=\"0\" role=\"button\" data-videoid=\"8HC-cd7Cd6A\" class=\"epyt-gallery-thumb\">\n<div class=\"epyt-gallery-img-box\">\n<div class=\"epyt-gallery-img\" style=\"background-image: url(https:\/\/i.ytimg.com\/vi\/8HC-cd7Cd6A\/hqdefault.jpg)\">\n<div class=\"epyt-gallery-playhover\"><img  title=\"\" decoding=\"async\"  alt=\"playhover V\u00eddeos do mundo do cavalo\"  class=\"epyt-play-img\" width=\"30\" height=\"23\" src=\"https:\/\/clubedohipismo.com.br\/home\/wp-content\/plugins\/youtube-embed-plus\/images\/playhover.png\" data-no-lazy=\"1\" data-skipgform_ajax_framebjll=\"\" \/><\/p>\n<div class=\"epyt-gallery-playcrutch\"><\/div>\n<\/div>\n<\/div>\n<\/div>\n<div class=\"epyt-gallery-title\">Riding and Driving Fairytale Friesian Horses!<\/div>\n<\/div>\n<div tabindex=\"0\" role=\"button\" data-videoid=\"5ot9uFmRXoo\" class=\"epyt-gallery-thumb\">\n<div class=\"epyt-gallery-img-box\">\n<div class=\"epyt-gallery-img\" style=\"background-image: url(https:\/\/i.ytimg.com\/vi\/5ot9uFmRXoo\/hqdefault.jpg)\">\n<div class=\"epyt-gallery-playhover\"><img  title=\"\" decoding=\"async\"  alt=\"playhover V\u00eddeos do mundo do cavalo\"  class=\"epyt-play-img\" width=\"30\" height=\"23\" src=\"https:\/\/clubedohipismo.com.br\/home\/wp-content\/plugins\/youtube-embed-plus\/images\/playhover.png\" data-no-lazy=\"1\" data-skipgform_ajax_framebjll=\"\" \/><\/p>\n<div class=\"epyt-gallery-playcrutch\"><\/div>\n<\/div>\n<\/div>\n<\/div>\n<div class=\"epyt-gallery-title\">MMTV 786 &#8211; 03\/11\/24<\/div>\n<\/div>\n<div class=\"epyt-gallery-rowbreak\"><\/div>\n<div class=\"epyt-gallery-clear\"><\/div>\n<\/div>\n<div class=\"epyt-pagination \">\n<div tabindex=\"0\" role=\"button\" class=\"epyt-pagebutton epyt-prev  hide \" data-playlistid=\"PLjBQiFJ3yduEMhaWtPkU6Us7XvCXPjTIt\" data-pagesize=\"3\" data-pagetoken=\"\" data-epcolumns=\"3\" data-showtitle=\"1\" data-showpaging=\"1\" data-autonext=\"0\" data-thumbplay=\"1\">\n<div class=\"epyt-arrow\">&laquo;<\/div>\n<div>Prev<\/div>\n<\/div>\n<div class=\"epyt-pagenumbers \">\n<div class=\"epyt-current\">1<\/div>\n<div class=\"epyt-pageseparator\"> \/ <\/div>\n<div class=\"epyt-totalpages\">83<\/div>\n<\/div>\n<div tabindex=\"0\" role=\"button\" class=\"epyt-pagebutton epyt-next\" data-playlistid=\"PLjBQiFJ3yduEMhaWtPkU6Us7XvCXPjTIt\" data-pagesize=\"3\" data-pagetoken=\"EAAaHlBUOkNBTWlFRGRHT0RJMlJrSTJPVEF5UmtNek56TQ\" data-epcolumns=\"3\" data-showtitle=\"1\" data-showpaging=\"1\" data-autonext=\"0\" data-thumbplay=\"1\">\n<div>Next<\/div>\n<div class=\"epyt-arrow\">&raquo;<\/div>\n<\/div>\n<div class=\"epyt-loader\"><img  title=\"\" decoding=\"async\"  alt=\"gallery-page-loader V\u00eddeos do mundo do cavalo\"  width=\"16\" height=\"11\" src=\"https:\/\/clubedohipismo.com.br\/home\/wp-content\/plugins\/youtube-embed-plus\/images\/gallery-page-loader.gif\"><\/div>\n<\/div>\n<\/div>\n<\/div>\n<p><\/p>\n<\/p>\t\t\t\t\t\t\t\t<\/div>\n\t\t\t\t<\/div>\n\t\t\t\t\t<\/div>\n\t\t\t\t<\/div>\n\t\t\t\t<\/div>\n\t\t<p>Views: 500<\/p><div class=\"clube-centro clube-entity-placement\" style=\"text-align: center;\" id=\"clube-1696751594\"><div id=\"clube-2099662062\" style=\"margin-top: 2px;margin-right: 2px;margin-bottom: 2px;margin-left: 2px;float: right;\"><a href=\"https:\/\/aulasdeequitacao.com.br\/home\/\" target=\"_blank\" aria-label=\"Banner Thaty Aulas new p\"><img src=\"https:\/\/clubedohipismo.com.br\/home\/wp-content\/uploads\/2018\/11\/Banner-Thaty-Aulas-new-p.png\" alt=\"\"  width=\"120\" height=\"120\"   \/><\/a><\/div><div id=\"clube-371693478\" style=\"margin-top: 2px;margin-right: 2px;margin-bottom: 2px;margin-left: 2px;float: right;\"><a href=\"https:\/\/harasfunchal.com.br\/\" target=\"_blank\" aria-label=\"Onde hospedar (estabular) seu cavalo\"><img src=\"https:\/\/clubedohipismo.com.br\/home\/wp-content\/uploads\/2018\/11\/Banner-Funchal-p.png\" alt=\"Onde hospedar (estabular) seu cavalo\"  width=\"120\" height=\"120\"   \/><\/a><\/div><div id=\"clube-1174150900\" style=\"margin-top: 2px;margin-right: 2px;margin-bottom: 2px;margin-left: 2px;float: right;\"><a href=\"http:\/\/arybotas.com.br\/\" target=\"_blank\" aria-label=\"Banner AryBotas p\"><img src=\"https:\/\/clubedohipismo.com.br\/home\/wp-content\/uploads\/2018\/11\/Banner-AryBotas-p.png\" alt=\"\"  width=\"120\" height=\"120\"   \/><\/a><\/div><div id=\"clube-2389146986\" style=\"margin-top: 2px;margin-right: 2px;margin-bottom: 2px;margin-left: 2px;float: right;\"><a href=\"https:\/\/mav.tec.br\/kyc\/\" target=\"_blank\" aria-label=\"kyc banner clube\"><img src=\"https:\/\/clubedohipismo.com.br\/home\/wp-content\/uploads\/2018\/12\/kyc-banner-clube.png\" alt=\"\"  width=\"120\" height=\"120\"   \/><\/a><\/div><div id=\"clube-3197372780\" style=\"margin-top: 2px;margin-right: 2px;margin-bottom: 2px;margin-left: 2px;float: right;\"><a href=\"https:\/\/www.ev.bemav.com.br\/\" target=\"_blank\" aria-label=\"EV\"><img src=\"https:\/\/clubedohipismo.com.br\/home\/wp-content\/uploads\/2018\/12\/EV.png\" alt=\"\"  width=\"120\" height=\"120\"   \/><\/a><\/div><\/div>","protected":false},"excerpt":{"rendered":"<p>Veja os v\u00eddeos que selecionamos para voc\u00ea. Views: 500<\/p>\n","protected":false},"author":2,"featured_media":0,"parent":0,"menu_order":0,"comment_status":"closed","ping_status":"closed","template":"elementor_header_footer","meta":{"sfsi_plus_gutenberg_text_before_share":"","sfsi_plus_gutenberg_show_text_before_share":"","sfsi_plus_gutenberg_icon_type":"","sfsi_plus_gutenberg_icon_alignemt":"","sfsi_plus_gutenburg_max_per_row":"","footnotes":""},"class_list":["post-421","page","type-page","status-publish","hentry"],"yoast_head":"<!-- This site is optimized with the Yoast SEO plugin v27.4 - https:\/\/yoast.com\/product\/yoast-seo-wordpress\/ -->\n<title>Acesse nossa play list no Youtube com v\u00eddeos selecionados<\/title>\n<meta name=\"description\" content=\"V\u00eddeos selecionados de apresenta\u00e7\u00f5es, competi\u00e7\u00f5es, reportagens, sobre hipismo, equta\u00e7\u00e3o, montaria, sobre cavalos e os esportes equestres\" \/>\n<meta name=\"robots\" content=\"index, follow, max-snippet:-1, max-image-preview:large, max-video-preview:-1\" \/>\n<link rel=\"canonical\" href=\"https:\/\/clubedohipismo.com.br\/home\/videos-montaria-hipismo-equestres\/\" \/>\n<meta property=\"og:locale\" content=\"pt_BR\" \/>\n<meta property=\"og:type\" content=\"article\" \/>\n<meta property=\"og:title\" content=\"Acesse nossa play list no Youtube com v\u00eddeos selecionados\" \/>\n<meta property=\"og:description\" content=\"V\u00eddeos selecionados de apresenta\u00e7\u00f5es, competi\u00e7\u00f5es, reportagens, sobre hipismo, equta\u00e7\u00e3o, montaria, sobre cavalos e os esportes equestres\" \/>\n<meta property=\"og:url\" content=\"https:\/\/clubedohipismo.com.br\/home\/videos-montaria-hipismo-equestres\/\" \/>\n<meta property=\"og:site_name\" content=\"Clube do Hipismo\" \/>\n<meta property=\"article:modified_time\" content=\"2024-10-29T14:33:19+00:00\" \/>\n<meta name=\"twitter:card\" content=\"summary_large_image\" \/>\n<script type=\"application\/ld+json\" class=\"yoast-schema-graph\">{\"@context\":\"https:\\\/\\\/schema.org\",\"@graph\":[{\"@type\":\"WebPage\",\"@id\":\"https:\\\/\\\/clubedohipismo.com.br\\\/home\\\/videos-montaria-hipismo-equestres\\\/\",\"url\":\"https:\\\/\\\/clubedohipismo.com.br\\\/home\\\/videos-montaria-hipismo-equestres\\\/\",\"name\":\"Acesse nossa play list no Youtube com v\u00eddeos selecionados\",\"isPartOf\":{\"@id\":\"https:\\\/\\\/clubedohipismo.com.br\\\/home\\\/#website\"},\"datePublished\":\"2018-03-14T22:39:05+00:00\",\"dateModified\":\"2024-10-29T14:33:19+00:00\",\"description\":\"V\u00eddeos selecionados de apresenta\u00e7\u00f5es, competi\u00e7\u00f5es, reportagens, sobre hipismo, equta\u00e7\u00e3o, montaria, sobre cavalos e os esportes equestres\",\"breadcrumb\":{\"@id\":\"https:\\\/\\\/clubedohipismo.com.br\\\/home\\\/videos-montaria-hipismo-equestres\\\/#breadcrumb\"},\"inLanguage\":\"pt-BR\",\"potentialAction\":[{\"@type\":\"ReadAction\",\"target\":[\"https:\\\/\\\/clubedohipismo.com.br\\\/home\\\/videos-montaria-hipismo-equestres\\\/\"]}]},{\"@type\":\"BreadcrumbList\",\"@id\":\"https:\\\/\\\/clubedohipismo.com.br\\\/home\\\/videos-montaria-hipismo-equestres\\\/#breadcrumb\",\"itemListElement\":[{\"@type\":\"ListItem\",\"position\":1,\"name\":\"In\u00edcio\",\"item\":\"https:\\\/\\\/clubedohipismo.com.br\\\/home\\\/\"},{\"@type\":\"ListItem\",\"position\":2,\"name\":\"V\u00eddeos do mundo do cavalo\"}]},{\"@type\":\"WebSite\",\"@id\":\"https:\\\/\\\/clubedohipismo.com.br\\\/home\\\/#website\",\"url\":\"https:\\\/\\\/clubedohipismo.com.br\\\/home\\\/\",\"name\":\"Clube do Hipismo\",\"description\":\"Not\u00edcias do mundo do cavalo\",\"publisher\":{\"@id\":\"https:\\\/\\\/clubedohipismo.com.br\\\/home\\\/#organization\"},\"potentialAction\":[{\"@type\":\"SearchAction\",\"target\":{\"@type\":\"EntryPoint\",\"urlTemplate\":\"https:\\\/\\\/clubedohipismo.com.br\\\/home\\\/?s={search_term_string}\"},\"query-input\":{\"@type\":\"PropertyValueSpecification\",\"valueRequired\":true,\"valueName\":\"search_term_string\"}}],\"inLanguage\":\"pt-BR\"},{\"@type\":\"Organization\",\"@id\":\"https:\\\/\\\/clubedohipismo.com.br\\\/home\\\/#organization\",\"name\":\"Clube do Hipismo\",\"url\":\"https:\\\/\\\/clubedohipismo.com.br\\\/home\\\/\",\"logo\":{\"@type\":\"ImageObject\",\"inLanguage\":\"pt-BR\",\"@id\":\"https:\\\/\\\/clubedohipismo.com.br\\\/home\\\/#\\\/schema\\\/logo\\\/image\\\/\",\"url\":\"https:\\\/\\\/clubedohipismo.com.br\\\/home\\\/wp-content\\\/uploads\\\/2018\\\/03\\\/clube-ch-dourado-wp-logo.png\",\"contentUrl\":\"https:\\\/\\\/clubedohipismo.com.br\\\/home\\\/wp-content\\\/uploads\\\/2018\\\/03\\\/clube-ch-dourado-wp-logo.png\",\"width\":512,\"height\":512,\"caption\":\"Clube do Hipismo\"},\"image\":{\"@id\":\"https:\\\/\\\/clubedohipismo.com.br\\\/home\\\/#\\\/schema\\\/logo\\\/image\\\/\"}}]}<\/script>\n<!-- \/ Yoast SEO plugin. -->","yoast_head_json":{"title":"Acesse nossa play list no Youtube com v\u00eddeos selecionados","description":"V\u00eddeos selecionados de apresenta\u00e7\u00f5es, competi\u00e7\u00f5es, reportagens, sobre hipismo, equta\u00e7\u00e3o, montaria, sobre cavalos e os esportes equestres","robots":{"index":"index","follow":"follow","max-snippet":"max-snippet:-1","max-image-preview":"max-image-preview:large","max-video-preview":"max-video-preview:-1"},"canonical":"https:\/\/clubedohipismo.com.br\/home\/videos-montaria-hipismo-equestres\/","og_locale":"pt_BR","og_type":"article","og_title":"Acesse nossa play list no Youtube com v\u00eddeos selecionados","og_description":"V\u00eddeos selecionados de apresenta\u00e7\u00f5es, competi\u00e7\u00f5es, reportagens, sobre hipismo, equta\u00e7\u00e3o, montaria, sobre cavalos e os esportes equestres","og_url":"https:\/\/clubedohipismo.com.br\/home\/videos-montaria-hipismo-equestres\/","og_site_name":"Clube do Hipismo","article_modified_time":"2024-10-29T14:33:19+00:00","twitter_card":"summary_large_image","schema":{"@context":"https:\/\/schema.org","@graph":[{"@type":"WebPage","@id":"https:\/\/clubedohipismo.com.br\/home\/videos-montaria-hipismo-equestres\/","url":"https:\/\/clubedohipismo.com.br\/home\/videos-montaria-hipismo-equestres\/","name":"Acesse nossa play list no Youtube com v\u00eddeos selecionados","isPartOf":{"@id":"https:\/\/clubedohipismo.com.br\/home\/#website"},"datePublished":"2018-03-14T22:39:05+00:00","dateModified":"2024-10-29T14:33:19+00:00","description":"V\u00eddeos selecionados de apresenta\u00e7\u00f5es, competi\u00e7\u00f5es, reportagens, sobre hipismo, equta\u00e7\u00e3o, montaria, sobre cavalos e os esportes equestres","breadcrumb":{"@id":"https:\/\/clubedohipismo.com.br\/home\/videos-montaria-hipismo-equestres\/#breadcrumb"},"inLanguage":"pt-BR","potentialAction":[{"@type":"ReadAction","target":["https:\/\/clubedohipismo.com.br\/home\/videos-montaria-hipismo-equestres\/"]}]},{"@type":"BreadcrumbList","@id":"https:\/\/clubedohipismo.com.br\/home\/videos-montaria-hipismo-equestres\/#breadcrumb","itemListElement":[{"@type":"ListItem","position":1,"name":"In\u00edcio","item":"https:\/\/clubedohipismo.com.br\/home\/"},{"@type":"ListItem","position":2,"name":"V\u00eddeos do mundo do cavalo"}]},{"@type":"WebSite","@id":"https:\/\/clubedohipismo.com.br\/home\/#website","url":"https:\/\/clubedohipismo.com.br\/home\/","name":"Clube do Hipismo","description":"Not\u00edcias do mundo do cavalo","publisher":{"@id":"https:\/\/clubedohipismo.com.br\/home\/#organization"},"potentialAction":[{"@type":"SearchAction","target":{"@type":"EntryPoint","urlTemplate":"https:\/\/clubedohipismo.com.br\/home\/?s={search_term_string}"},"query-input":{"@type":"PropertyValueSpecification","valueRequired":true,"valueName":"search_term_string"}}],"inLanguage":"pt-BR"},{"@type":"Organization","@id":"https:\/\/clubedohipismo.com.br\/home\/#organization","name":"Clube do Hipismo","url":"https:\/\/clubedohipismo.com.br\/home\/","logo":{"@type":"ImageObject","inLanguage":"pt-BR","@id":"https:\/\/clubedohipismo.com.br\/home\/#\/schema\/logo\/image\/","url":"https:\/\/clubedohipismo.com.br\/home\/wp-content\/uploads\/2018\/03\/clube-ch-dourado-wp-logo.png","contentUrl":"https:\/\/clubedohipismo.com.br\/home\/wp-content\/uploads\/2018\/03\/clube-ch-dourado-wp-logo.png","width":512,"height":512,"caption":"Clube do Hipismo"},"image":{"@id":"https:\/\/clubedohipismo.com.br\/home\/#\/schema\/logo\/image\/"}}]}},"rttpg_featured_image_url":null,"rttpg_author":{"display_name":"Marco Vidal","author_link":"https:\/\/clubedohipismo.com.br\/home\/author\/vergano\/"},"rttpg_comment":0,"rttpg_category":null,"rttpg_excerpt":"Veja os v\u00eddeos que selecionamos para voc\u00ea. Views: 500","_links":{"self":[{"href":"https:\/\/clubedohipismo.com.br\/home\/wp-json\/wp\/v2\/pages\/421","targetHints":{"allow":["GET"]}}],"collection":[{"href":"https:\/\/clubedohipismo.com.br\/home\/wp-json\/wp\/v2\/pages"}],"about":[{"href":"https:\/\/clubedohipismo.com.br\/home\/wp-json\/wp\/v2\/types\/page"}],"author":[{"embeddable":true,"href":"https:\/\/clubedohipismo.com.br\/home\/wp-json\/wp\/v2\/users\/2"}],"replies":[{"embeddable":true,"href":"https:\/\/clubedohipismo.com.br\/home\/wp-json\/wp\/v2\/comments?post=421"}],"version-history":[{"count":3,"href":"https:\/\/clubedohipismo.com.br\/home\/wp-json\/wp\/v2\/pages\/421\/revisions"}],"predecessor-version":[{"id":27511,"href":"https:\/\/clubedohipismo.com.br\/home\/wp-json\/wp\/v2\/pages\/421\/revisions\/27511"}],"wp:attachment":[{"href":"https:\/\/clubedohipismo.com.br\/home\/wp-json\/wp\/v2\/media?parent=421"}],"curies":[{"name":"wp","href":"https:\/\/api.w.org\/{rel}","templated":true}]}}